{"id":116,"date":"2022-09-11T12:00:11","date_gmt":"2022-09-11T11:00:11","guid":{"rendered":"http:\/\/badminton.square7.ch\/wordpress\/?page_id=116"},"modified":"2026-04-16T13:56:41","modified_gmt":"2026-04-16T12:56:41","slug":"verein","status":"publish","type":"page","link":"https:\/\/badminton.square7.ch\/demo\/","title":{"rendered":"Unser Verein"},"content":{"rendered":"\t\t<div data-elementor-type=\"wp-page\" data-elementor-id=\"116\" class=\"elementor elementor-116\">\n\t\t\t\t\t\t<section class=\"elementor-section elementor-top-section elementor-element elementor-element-4127bc89 elementor-section-boxed elementor-section-height-default elementor-section-height-default\" data-id=\"4127bc89\" data-element_type=\"section\" data-e-type=\"section\">\n\t\t\t\t\t\t<div class=\"elementor-container elementor-column-gap-default\">\n\t\t\t\t\t<div class=\"elementor-column elementor-col-100 elementor-top-column elementor-element elementor-element-41eada84\" data-id=\"41eada84\" data-element_type=\"column\" data-e-type=\"column\">\n\t\t\t<div class=\"elementor-widget-wrap elementor-element-populated\">\n\t\t\t\t\t\t<div class=\"elementor-element elementor-element-46e84625 elementor-widget elementor-widget-text-editor\" data-id=\"46e84625\" data-element_type=\"widget\" data-e-type=\"widget\" data-widget_type=\"text-editor.default\">\n\t\t\t\t<div class=\"elementor-widget-container\">\n\t\t\t\t\t\t\t\t\t<table style=\"border-collapse: collapse; width: 100.012%; height: 10px;\"><tbody><tr style=\"height: 10px; border-style: solid; border-color: #000000;\"><td style=\"width: 15.7887%; height: 8px;\"><img decoding=\"async\" class=\"aligncenter\" src=\"https:\/\/badminton.square7.ch\/demo\/wp-content\/uploads\/Logo_aktuell.jpg\" alt=\"\" width=\"54\" height=\"43\" \/><\/td><td style=\"width: 70.8736%; height: 10px; text-align: center; vertical-align: middle;\"><p style=\"text-align: center;\"><span style=\"font-size: 21px;\"><strong>Willkommen auf der HP <\/strong><strong>des <\/strong><strong>1. Badmintonverein G\u00f6rlitz !<\/strong><\/span><\/p><\/td><td style=\"width: 15.7587%; height: 10px;\"><img decoding=\"async\" class=\"\" src=\"https:\/\/badminton.square7.ch\/demo\/wp-content\/uploads\/Logo_aktuell.jpg\" alt=\"\" width=\"55\" height=\"44\" \/><\/td><\/tr><\/tbody><\/table><table style=\"height: 130px; width: 100%; border-collapse: collapse; border-style: none;\"><tbody><tr style=\"height: 130px;\"><td style=\"width: 41.3685%; height: 130px; border-style: none;\"><p><strong><span style=\"font-size: 16px;\"><br \/>Positive Effekte vom Badmintonsport<\/span><\/strong><\/p><ol><li><span style=\"font-size: 16px;\">Verbessert die kognitive Funktion<\/span><\/li><li><span style=\"font-size: 16px;\">Ver\u00f6ffentlicht Endorphine<\/span><\/li><li><span style=\"font-size: 16px;\">Erh\u00f6ht den Fokus und die Produktivit\u00e4t<\/span><\/li><li><span style=\"font-size: 16px;\">F\u00f6rdert soziale Interaktionen<\/span><\/li><li><span style=\"font-size: 16px;\">Verbessert die Schlafqualit\u00e4t<\/span><\/li><li><span style=\"font-size: 16px;\">Verbrennt mehr Kalorien (hilft bei der Gewichtsabnahme)<\/span><\/li><li><span style=\"font-size: 16px;\">Verbessert die kardiovaskul\u00e4re Fitness<\/span><\/li><li><span style=\"font-size: 16px;\">Entwickelt Reflexe und Koordination<\/span><\/li><li><span style=\"font-size: 16px;\">Strafft deine Muskeln<\/span><\/li><li><span style=\"font-size: 16px;\">Verbessert die Knochengesundheit<\/span><\/li><\/ol><\/td><td style=\"width: 58.6316%; height: 130px; border-style: none;\"><p><span style=\"font-size: 16px;\"><br \/>Trainingszeiten jeweils Dienstag und Donnerstag Im Regelbetrieb):<\/span><\/p><p><span style=\"font-size: 16px;\"><strong>Kindertraining:\u00a0 \u00a0 \u00a0<\/strong> 16<sup>30<\/sup> \u2013 18<sup>00<\/sup> Uhr<\/span><br \/><span style=\"font-size: 16px;\"><strong>Jugendtraining:\u00a0\u00a0\u00a0\u00a0 <\/strong>17<sup>30<\/sup> \u2013 19<sup>30<\/sup> Uhr<\/span><br \/><span style=\"font-size: 16px;\"><strong>Erwachsene:\u00a0\u00a0\u00a0\u00a0\u00a0 \u00a0 \u00a0 <\/strong>19<sup>30<\/sup> \u2013 ca. 21<sup>30<\/sup> Uhr<\/span><\/p><p><span style=\"font-family: 'times new roman', times, serif; font-size: 18px;\">Das Training findet\u00a0 in der\u00a0 Emil-von-Schenckendorf-Halle <br \/>(Hugo-Keller-str. 15\u00a0 <a href=\"https:\/\/www.google.de\/maps\/place\/Hugo-Keller-Stra%C3%9Fe+15,+02826+G%C3%B6rlitz\/@51.157278,14.9875744,17z\/data=!3m1!4b1!4m6!3m5!1s0x4708dc30ab54d98d:0x8f14042370c1d558!8m2!3d51.157278!4d14.9875744!16s%2Fg%2F11swc2n982\" target=\"_blank\" rel=\"noopener\">Kartenansicht<\/a>) statt.<\/span><br \/><span style=\"font-family: 'times new roman', times, serif; font-size: 18px;\">Kommt einfach mal zu einem kostenlosen Probetraining vorbei !<\/span><\/p><\/td><\/tr><\/tbody><\/table><table style=\"border-collapse: collapse; width: 100%; height: 72px;\"><tbody><tr style=\"height: 72px;\"><td style=\"width: 55.4393%; height: 72px; border-color: #f7faf9;\"><p><span style=\"font-family: 'times new roman', times, serif; font-size: 18px;\"><em><strong><img decoding=\"async\" class=\"aligncenter\" style=\"border-width: 3px; border-style: solid;\" src=\"https:\/\/badminton.square7.ch\/demo\/wp-content\/uploads\/DSC08408-300x200.jpg\" alt=\"\" width=\"271\" height=\"180\" \/><\/strong><\/em><\/span><\/p><\/td><td style=\"width: 44.5607%; height: 72px; border-color: #f8faf7;\"><p><span style=\"font-family: 'times new roman', times, serif; font-size: 18px;\"><b><i>1. Badmintonverein G\u00f6rlitz e.V.<br \/>Karsten Putschke<br \/>Johanna Dreyer Str. 5<br \/>02827 G\u00f6rlitz<\/i><\/b><\/span><b><i><span style=\"font-family: 'times new roman', times, serif; font-size: 18px;\">Tel.:\u00a0\u00a0\u00a0\u00a0\u00a0\u00a0\u00a0 03581\/412853<\/span><br \/><span style=\"font-family: 'times new roman', times, serif; font-size: 18px;\">Mobil:\u00a0\u00a0\u00a0\u00a0 0170 8009073<\/span><br \/><span style=\"font-family: 'times new roman', times, serif; font-size: 18px;\">mailto:\u00a0 <a href=\"mailto:bvgoerlitz@gmx.de\">BVGoerlitz@gmx.de<\/a><\/span><br \/><\/i><\/b><\/p><hr \/><\/td><\/tr><\/tbody><\/table><p style=\"text-align: left;\"><em><strong>\u00a0\u00a0\u00a0\u00a0\u00a0\u00a0\u00a0\u00a0\u00a0\u00a0\u00a0\u00a0\u00a0\u00a0\u00a0\u00a0\u00a0\u00a0\u00a0\u00a0\u00a0\u00a0\u00a0\u00a0\u00a0\u00a0\u00a0\u00a0\u00a0\u00a0\u00a0\u00a0\u00a0\u00a0\u00a0\u00a0\u00a0\u00a0\u00a0\u00a0\u00a0\u00a0\u00a0\u00a0\u00a0\u00a0\u00a0\u00a0\u00a0\u00a0\u00a0\u00a0\u00a0\u00a0\u00a0\u00a0\u00a0\u00a0\u00a0\u00a0\u00a0\u00a0\u00a0\u00a0\u00a0\u00a0 <\/strong><\/em><\/p><div>\u00a0<\/div><div>\u00a0<\/div>\t\t\t\t\t\t\t\t<\/div>\n\t\t\t\t<\/div>\n\t\t\t\t\t<\/div>\n\t\t<\/div>\n\t\t\t\t\t<\/div>\n\t\t<\/section>\n\t\t\t\t<\/div>\n\t\t","protected":false},"excerpt":{"rendered":"<p>Willkommen auf der HP des 1. Badmintonverein G\u00f6rlitz ! Positive Effekte vom Badmintonsport Verbessert die kognitive Funktion Ver\u00f6ffentlicht Endorphine Erh\u00f6ht den Fokus und die Produktivit\u00e4t F\u00f6rdert soziale Interaktionen Verbessert die [&hellip;]<\/p>\n","protected":false},"author":3,"featured_media":0,"parent":3194,"menu_order":0,"comment_status":"closed","ping_status":"closed","template":"","meta":{"_custom_body_class":"","_custom_post_class":"","footnotes":""},"class_list":["post-116","page","type-page","status-publish","hentry"],"_links":{"self":[{"href":"https:\/\/badminton.square7.ch\/demo\/wp-json\/wp\/v2\/pages\/116","targetHints":{"allow":["GET"]}}],"collection":[{"href":"https:\/\/badminton.square7.ch\/demo\/wp-json\/wp\/v2\/pages"}],"about":[{"href":"https:\/\/badminton.square7.ch\/demo\/wp-json\/wp\/v2\/types\/page"}],"author":[{"embeddable":true,"href":"https:\/\/badminton.square7.ch\/demo\/wp-json\/wp\/v2\/users\/3"}],"replies":[{"embeddable":true,"href":"https:\/\/badminton.square7.ch\/demo\/wp-json\/wp\/v2\/comments?post=116"}],"version-history":[{"count":339,"href":"https:\/\/badminton.square7.ch\/demo\/wp-json\/wp\/v2\/pages\/116\/revisions"}],"predecessor-version":[{"id":28436,"href":"https:\/\/badminton.square7.ch\/demo\/wp-json\/wp\/v2\/pages\/116\/revisions\/28436"}],"up":[{"embeddable":true,"href":"https:\/\/badminton.square7.ch\/demo\/wp-json\/wp\/v2\/pages\/3194"}],"wp:attachment":[{"href":"https:\/\/badminton.square7.ch\/demo\/wp-json\/wp\/v2\/media?parent=116"}],"curies":[{"name":"wp","href":"https:\/\/api.w.org\/{rel}","templated":true}]}}